mmon factor of 212 and 30998746.
106
Calculate the greatest common divisor of 4671597 and 59451.
3129
What is the greatest common divisor of 116721 and 8289?
27
Calculate the greatest common factor of 1058 and 77362018.
1058
What is the greatest common divisor of 3655 and 785995?
85
Calculate the highest common divisor of 346868 and 348.
4
What is the greatest common divisor of 45347 and 993?
331
Calculate the greatest common divisor of 1018370 and 10.
10
What is the greatest common divisor of 114 and 9344124?
114
Calculate the highest common factor of 390 and 12937431.
39
What is the greatest common factor of 400 and 39773300?
100
What is the greatest common factor of 64880539 and 2554?
1277
Calculate the greatest common factor of 20240 and 933680.
880
Calculate the highest common factor of 639576 and 771768.
1944
Calculate the highest common factor of 258302 and 18946906.
1298
Calculate the greatest common divisor of 198 and 36612081.
99
Calculate the greatest common factor of 963177847 and 89.
89
Calculate the highest common factor of 262350 and 5010567.
159
What is the greatest common factor of 557166 and 150?
6
What is the highest common divisor of 29627 and 145717?
13
Calculate the highest common divisor of 55 and 18112655.
55
What is the highest common divisor of 3988 and 580090492?
3988
What is the highest common divisor of 3127 and 346673?
53
Calculate the greatest common factor of 696537 and 189.
9
Calculate the greatest common factor of 152353 and 14803.
131
What is the greatest common divisor of 10953235 and 10?
5
What is the highest common divisor of 4203094 and 28?
14
Calculate the highest common divisor of 11933325 and 2835.
405
What is the greatest common divisor of 362379 and 27263?
199
What is the greatest common divisor of 300 and 2662833450?
150
Calculate the highest common factor of 10802700 and 240.
60
Calculate the highest common divisor of 18480080 and 9040.
80
What is the greatest common divisor of 4092 and 23570943?
1023
What is the highest common factor of 96920250 and 84000?
5250
What is the highest common factor of 406 and 15110102?
406
What is the highest common divisor of 155205393 and 21?
21
Calculate the greatest common divisor of 46867575 and 60.
15
Calculate the greatest common factor of 116736858 and 2142.
2142
What is the greatest common divisor of 5808 and 354048?
48
What is the greatest common factor of 3514 and 6042323?
1757
What is the greatest common factor of 4670544 and 7308?
12
Calculate the greatest common divisor of 25 and 1067360525.
25
Calculate the greatest common divisor of 6338871867 and 2797.
2797
What is the highest common factor of 500160 and 180266?
1042
What is the highest common divisor of 28917252 and 4508?
196
Calculate the highest common factor of 177760 and 65145.
505
What is the highest common divisor of 261339951 and 744?
93
Calculate the highest common factor of 797275 and 275.
25
Calculate the highest common divisor of 47008 and 89609.
1469
What is the highest common factor of 2624 and 1131477?
41
What is the greatest common divisor of 287 and 9302285?
41
What is the greatest common divisor of 4930 and 985660?
170
What is the greatest common factor of 17010 and 26740854?
1134
Calculate the greatest common divisor of 14618087 and 506.
253
Calculate the highest common factor of 1990 and 23333944.
398
What is the highest common divisor of 35207928 and 168?
168
Calculate the highest common divisor of 1019148 and 36696.
1668
Calculate the greatest common divisor of 8045860 and 920.
460
What is the greatest common divisor of 51537 and 137013?
1257
Calculate the greatest common factor of 70 and 429197090.
70
What is the highest common factor of 133 and 19549271?
133
What is the highest common divisor of 290400 and 38060?
220
Calculate the greatest common factor of 195968619 and 2079.
2079
What is the greatest common factor of 70 and 46243456?
14
Calculate the highest common divisor of 218950347 and 847.
847
Calculate the greatest common factor of 43212 and 7824696.
3324
What is the greatest common factor of 536 and 2917384?
8
Calculate the greatest common divisor of 1590 and 1284190.
530
Calculate the greatest common divisor of 32322837 and 174607.
10271
Calculate the highest common divisor of 6742384 and 5742.
638
What is the greatest common divisor of 1615 and 700?
5
Calculate the highest common factor of 418336 and 21352.
136
What is the greatest common divisor of 4774235 and 365?
5
Calculate the greatest common factor of 3360 and 5378240.
1120
Calculate the highest common divisor of 9031 and 30305.
11
What is the highest common divisor of 45385 and 261355?
1565
Calculate the highest common factor of 4755 and 62589114.
951
Calculate the highest common divisor of 215322 and 1122.
102
What is the greatest common factor of 50699357 and 183?
61
What is the greatest common divisor of 1373650 and 339470?
830
What is the highest common divisor of 16205634 and 20?
2
What is the highest common factor of 71375 and 324625?
125
What is the highest common divisor of 8 and 156431400?
8
What is the greatest common factor of 146265852 and 4?
4
Calculate the greatest common factor of 262892 and 60766524.
6412
What is the greatest common divisor of 1014 and 15193334?
26
What is the highest common factor of 649 and 317190313?
649
What is the greatest common divisor of 21813 and 7785919?
661
Calculate the highest common divisor of 61928640 and 10080.
1440
What is the highest common divisor of 1329602 and 22951?
389
What is the greatest common factor of 148379580 and 9?
9
What is the greatest common divisor of 3913475489 and 77?
77
Calculate the highest common factor of 1276007522 and 34.
34
What is the highest common factor of 22 and 8373706?
22
What is the greatest common divisor of 11125476 and 2451?
129
Calculate the highest common divisor of 15006269 and 12846.
2141
Calculate the greatest common factor of 816 and 233612504.
136
Calculate the highest common factor of 170850 and 1481550.
2550
Calculate the highest common divisor of 15 and 71371760.
5
What is the highest common divisor of 2464 and 17343480?
616
Calculate the highest common factor of 38970616 and 56.
8
Calculate the highest common divisor of 393240 and 8910615.
1695
What is the greatest common divisor of 34569 and 288?
9
What is the highest common factor of 3832 and 253162996?
1916
Calculate the highest common factor of 135 and 9705879.
27
What is the greatest common factor of 30942869 and 1?
1
Calculate the highest common divisor of 124 and 35092341.
31
What is the highest common divisor of 2203965 and 292455?
3015
What is the highest common divisor of 2147095 and 405460?
9215
Calculate the highest common divisor of 31292288 and 128.
128
Calculate the highest common divisor of 19719392 and 114156.
4228
What is the greatest common factor of 219152 and 5672?
8
Calculate the highest common factor of 430922 and 44.
2
Calculate the greatest common factor of 36 and 31272147.
9
Calculate the highest common divisor of 3500 and 736169.
7
What is the greatest common divisor of 13221 and 2032983?
1017
Calculate the highest common factor of 36 and 110270.
2
Calculate the greatest common factor of 221041853 and 106.
53
What is the highest common divisor of 261192 and 936?
24
Calculate the greatest common divisor of 81693920 and 20.
20
Calculate the greatest common factor of 2143155 and 80.
5
Calculate the highest common divisor of 30400 and 207328.
608
Calculate the highest common divisor of 35903 and 1825257.
161
What is the greatest common divisor of 8474 and 58076559?
4237
Calculate the highest common factor of 88 and 16912687.
11
Calculate the greatest common factor of 41297771 and 5.
1
What is the highest common divisor of 42 and 1405680?
6
Calculate the highest common factor of 6454091 and 10773.
133
Calculate the highest common divisor of 319072 and 2464.
32
What is the highest common divisor of 20 and 733930?
10
What is the greatest common divisor of 3627 and 2454642?
279
Calculate the highest common divisor of 156 and 1598662.
26
What is the greatest common divisor of 33488 and 1225406?
182
What is the highest common factor of 25083891 and 5957?
259
Calculate the greatest common factor of 6756952 and 64.
8
Calculate the greatest comm